{"id":477,"date":"2013-11-10T00:07:38","date_gmt":"2013-11-09T22:07:38","guid":{"rendered":"https:\/\/www.betriebsfeuerwehr-voestalpine.at\/?page_id=477"},"modified":"2026-01-21T19:32:47","modified_gmt":"2026-01-21T18:32:47","slug":"kontakte","status":"publish","type":"page","link":"https:\/\/www.betriebsfeuerwehr-voestalpine.at\/?page_id=477","title":{"rendered":"Kontakte"},"content":{"rendered":"<h1>So erreichen Sie uns:<\/h1>\n<p><strong><span style=\"text-decoration: underline;\">Freiw. Betriebsfeuerwehr voestalpine Precision Strip B\u00f6hlerwerk<\/span><\/strong><br \/>\nFirma\u00a0voestalpine Precision Strip GmbH<br \/>\nWaidhofnerstra\u00dfe 3<br \/>\nRotte W\u00fchr<br \/>\n3333 B\u00f6hlerwerk \/Austria<\/p>\n<p><span style=\"text-decoration: underline;\">Notrufnummer: 122<\/span><br \/>\nTelefonnummer: +43 7442 \/ 600 &#8211; 29773 (Feuerwehr Haus im B\u00f6hlerzentrum)<br \/>\nmail: <a href=\"mailto:btf.boehlerwerk@voestalpine.com\">btf.boehlerwerk@voestalpine.com<\/a>\u00a0oder <a href=\"mailto:voestalpine-strip@feuerwehr.gv.at\">voestalpine-strip@feuerwehr.gv.at<\/a><\/p>\n<p><span style=\"text-decoration: underline;\">Kommandant:<\/span><br \/>\nOBI Sigmund Schausberger<br \/>\nMobil: +43650\/4204100<br \/>\nDienstlich: 43 7442\/600 &#8211; 29650<br \/>\nmail: \u00a0<a href=\"mailto:voestalpine-strip@feuerwehr.gv.at\">voestalpine-strip@feuerwehr.gv.at<\/a><\/p>\n<p><span style=\"text-decoration: underline;\">Kommandant Stv.:<\/span><br \/>\nBI Robert Tr\u00fcmel<br \/>\nMobil: +43680\/2162025<br \/>\nmail: <a href=\"mailto:robert.truemel@feuerwehr.gv.at\">robert.truemel@feuerwehr.gv.at<\/a><\/p>\n<p><span style=\"text-decoration: underline;\">Verwalter:<\/span><br \/>\nV Mario Penesic<br \/>\nMobil: +43676\/5381866<br \/>\nmail: <a href=\"mailto:mario.penesic@feuerwehr.gv.at\">mario.penesic@feuerwehr.gv.at<\/a><\/p>\n<p>&nbsp;<\/p>\n<hr \/>\n","protected":false},"excerpt":{"rendered":"<p>So erreichen Sie uns: Freiw. Betriebsfeuerwehr voestalpine Precision Strip B\u00f6hlerwerk Firma\u00a0voestalpine Precision Strip GmbH Waidhofnerstra\u00dfe 3 Rotte W\u00fchr 3333 B\u00f6hlerwerk \/Austria Notrufnummer: 122 Telefonnummer: +43 7442 \/ 600 &#8211; 29773 (Feuerwehr Haus im B\u00f6hlerzentrum) mail: btf.boehlerwerk@voestalpine.com\u00a0oder voestalpine-strip@feuerwehr.gv.at Kommandant: OBI Sigmund &hellip; <a href=\"https:\/\/www.betriebsfeuerwehr-voestalpine.at\/?page_id=477\">mehr <span class=\"meta-nav\">&rarr;<\/span><\/a><\/p>\n","protected":false},"author":2,"featured_media":0,"parent":0,"menu_order":0,"comment_status":"closed","ping_status":"closed","template":"","meta":{"_acf_changed":false,"footnotes":""},"class_list":["post-477","page","type-page","status-publish","hentry"],"acf":[],"_links":{"self":[{"href":"https:\/\/www.betriebsfeuerwehr-voestalpine.at\/index.php?rest_route=\/wp\/v2\/pages\/477","targetHints":{"allow":["GET"]}}],"collection":[{"href":"https:\/\/www.betriebsfeuerwehr-voestalpine.at\/index.php?rest_route=\/wp\/v2\/pages"}],"about":[{"href":"https:\/\/www.betriebsfeuerwehr-voestalpine.at\/index.php?rest_route=\/wp\/v2\/types\/page"}],"author":[{"embeddable":true,"href":"https:\/\/www.betriebsfeuerwehr-voestalpine.at\/index.php?rest_route=\/wp\/v2\/users\/2"}],"replies":[{"embeddable":true,"href":"https:\/\/www.betriebsfeuerwehr-voestalpine.at\/index.php?rest_route=%2Fwp%2Fv2%2Fcomments&post=477"}],"version-history":[{"count":28,"href":"https:\/\/www.betriebsfeuerwehr-voestalpine.at\/index.php?rest_route=\/wp\/v2\/pages\/477\/revisions"}],"predecessor-version":[{"id":7591,"href":"https:\/\/www.betriebsfeuerwehr-voestalpine.at\/index.php?rest_route=\/wp\/v2\/pages\/477\/revisions\/7591"}],"wp:attachment":[{"href":"https:\/\/www.betriebsfeuerwehr-voestalpine.at\/index.php?rest_route=%2Fwp%2Fv2%2Fmedia&parent=477"}],"curies":[{"name":"wp","href":"https:\/\/api.w.org\/{rel}","templated":true}]}}